-9228. List the prime factors of v.
3, 9643
What are the prime factors of (18 + 1 + -11)*(6260/8 - -3)?
2, 1571
Let t(v) = -703*v + 657. List the prime factors of t(-10).
7687
What are the prime factors of 10/(-12) - 3786965/(-294)?
2, 5, 7, 23
Suppose -2*p + 53 = -121. Let k = -131 + p. What are the prime factors of (-2)/(-11) + (-608)/k?
2, 7
Suppose 0 = 5*u + 9*q - 5*q - 13947, 13926 = 5*u - 3*q. What are the prime factors of u?
3, 929
Let h(u) = -13 + 14 - 135*u - 5. List the prime factors of h(-3).
401
Let h(o) = -o**3 - 7*o**2 + 9*o + 11. Let s be h(-8). Suppose s*v = 4*n - 7, 3*v + 2*n - 1 = 4*n. Suppose 0*l + 360 = v*l. What are the prime factors of l?
2, 3, 5
Let w = -617 + 1697. Suppose 2*o - o = 0. Suppose o = 6*k - 12*k + w. List the prime factors of k.
2, 3, 5
Let b(c) = c**3 + c**2 + 2*c - 8. Suppose -3*l = -2*l + 4. Let q be (-66)/(-16) - l/(-32). What are the prime factors of b(q)?
2, 5
Let p = -117135 + 188574. What are the prime factors of p?
3, 23813
Let r = 3369 - 1535. Suppose 3*z = -5*i + 2711, 6*i = -2*z + 8*i + r. What are the prime factors of z?
2, 3, 19
List the prime factors of (-58463)/(-12) - ((-341)/132)/31.
2, 3, 7, 29
Suppose 1307*u - 1311*u = -8. Suppose 4*g - u*d = 1725 + 1997, -d + 1 = 0. What are the prime factors of g?
7, 19
Let l be 2/(-4)*(-5 - (-15)/(-3)). Suppose 4224 = 4*q + 5*c, l*q - 3*c - 5267 = -6*c. What are the prime factors of q?
1051
Let c = -43 + 46. Suppose -4*j + 96 = c*p - 5*p, -5*p + 3*j - 205 = 0. What are the prime factors of (-2071)/p - 1/(-2)?
5, 11
List the prime factors of (2 - -2)*1 + 19*497.
3, 47, 67
Suppose 0 = 3*i + 5*s + 8762, 2*i + 4*s + 3335 = -2505. Let m be 8/12 - i/(-12). Let a = 404 + m. List the prime factors of a.
7, 23
Let q be 18/24 - (1 - 3/12). What are the prime factors of (-1 + 1/(-3))*(q - 42)?
2, 7
Let r = -1020 - -509. Let b = 696 + r. What are the prime factors of b?
5, 37
Let c(r) = 19*r - 40. Suppose 22*q - 27*q = -275. Suppose -10*d - q = -15*d. List the prime factors of c(d).
13
Let b be -6*-1*(-10)/15 + -44. Let r = b - -243. List the prime factors of r.
3, 5, 13
Let g(o) = 14*o**2 + 37*o - 9. Suppose 109*p - 35 = 102*p. List the prime factors of g(p).
2, 263
Suppose -1922 - 1323 = -5*d. What are the prime factors of d?
11, 59
Suppose -5*d + 2*a + 2*a + 5 = 0, 5*a - 50 = -5*d. Suppose s + 2*s = -4*r + 207, d*r + 4*s = 259. List the prime factors of r.
3, 17
Suppose -217*w - 2 = -215*w, 0 = 4*d + 3*w - 7493. List the prime factors of d.
2, 937
Let l(q) = -2419*q - 1358. List the prime factors of l(-15).
53, 659
Suppose 17*r = -2014 - 961. Let w = r - -278. Let b = 141 - w. List the prime factors of b.
2, 19
Suppose 0 = -681*z + 644*z + 1928144. List the prime factors of z.
2, 3257
Suppose 0 = 45*g - 134 - 496. What are the prime factors of (4 + 367 - 5)*g/4?
3, 7, 61
Suppose 26 = h + 53. What are the prime factors of 1 - (h/(-12))/((-3)/176)?
7, 19
List the prime factors of (-277356)/(-18)*4*(-27)/(-72).
29, 797
Let i(s) = s**2 + 21*s + 38. Let y be i(-21). Let r = -66 + y. What are the prime factors of 8/r + (-1308)/(-21)?
2, 31
Let m = -24995 - -41586. Suppose -m = -31*q + 2660. List the prime factors of q.
3, 23
What are the prime factors of (-1 - -1) + 744*171/38?
2, 3, 31
Suppose -21*x + 58*x = 44474. Let t = x + -762. List the prime factors of t.
2, 5, 11
Suppose u - 32*b + 37*b = 4011, 0 = -4*u + 4*b + 15876. What are the prime factors of u?
2, 7, 71
Let w(n) = -5*n**2 - 13*n + 6. Let o be w(-3). Suppose -l + o = -c - 1, 0 = -3*c + 4*l - 4. List the prime factors of (-3)/(3 + c) - (-72)/3.
23
Suppose -10*o + 4*o = -1140. Suppose 3*m = 0, 3*n - o = -4*m + 956. List the prime factors of n.
2, 191
Let m(t) = -1946*t + 390. Let h be m(-22). Suppose 12734 = 46*o - h. List the prime factors of o.
2, 19
Let o = 433 + -27. List the prime factors of o/(-4)*(-12)/14.
3, 29
Suppose r - 516 = -5*o, 4*r - 400 = -6*o + 2*o. Let y = o + -26. What are the prime factors of y - 2/(1/(-1))?
2, 5
Let v(y) = -1068*y**3 + y**2 + 68*y + 206. List the prime factors of v(-3).
7, 13, 317
Suppose -l + 15 = -3*r, 5*l = 5*r + 34 + 51. Let s be 1904/63 + (-4)/l. What are the prime factors of (-33560)/(-300) + 4/s?
2, 7
Let i = 747 + -866. What are the prime factors of 17/(i/14) - -372?
2, 5, 37
Let z(g) = -20 + 39*g**2 + 12 + 7 + 3*g. Let y be z(1). Suppose 7*r - y = 176. List the prime factors of r.
31
Suppose -3*m - 25134 = -7*m + 27714. List the prime factors of m.
2, 3, 367
Let n(m) = 4827*m**2 + 75*m + 74. What are the prime factors of n(-1)?
2, 19, 127
Suppose -263527 = -18*b + 5*m, -5*m + 465 = -3*b + 44407. List the prime factors of b.
14639
Suppose -8*j + 883 - 83 = 0. Suppose -34 = -2*k + 2*f, -5*k + 3*f + j = f. What are the prime factors of 4/k + ((-251)/(-11) - 2)?
3, 7
Suppose -25*m + 80*m = 318505. What are the prime factors of m?
5791
Let x be (20/6)/((-13)/273). Let i = x - -257. List the prime factors of i.
11, 17
Suppose 0 = -11*j + 61 + 49. What are the prime factors of (-8)/40 + 432/j?
43
Let f(v) = -v**2 - 9*v. Let l be f(-9). Suppose -s - 36 + 38 = l. List the prime factors of s.
2
Suppose -5*l = -2*s + 1981, -2959 = -19*s + 16*s + 5*l. Suppose 3*f - 5*z - s = 0, -2*f - 2*z - 2*z = -674. What are the prime factors of f?
331
Suppose -5*k = w - 204707, -266*k - 163830 = -270*k - 10*w. What are the prime factors of k?
2, 5, 23, 89
Let u(h) = h**3 + 8*h**2 + 9*h + 13. Let v be u(-7). Let f be -15 - (-1 + -2)*v/3. Let a = f - -43. What are the prime factors of a?
3
Let s = 148 + -142. Suppose -s*r + 1995 = -r. What are the prime factors of r?
3, 7, 19
What are the prime factors of -29 - 3819/(-133) - (-113703)/7?
37, 439
Let k(p) = -40*p + 90. Let v be k(2). What are the prime factors of (-5 + (5 - v)/15)*-165?
2, 5, 11
Let o = 70358 + -33745. What are the prime factors of o?
19, 41, 47
Suppose -6*a + 70 = -122. Suppose a*l = 37*l. What are the prime factors of ((-34)/(-5) + l)/((-37)/(-185))?
2, 17
Let b = -213 + 205. List the prime factors of (-100)/b*(-176)/(-40).
5, 11
Suppose 4*x - 28 = 4*y, 4*x - 7 = y + 12. Let s be x/(-6) - ((-80)/(-15) - 5). What are the prime factors of (116 + -1)*(s - (2 + -4))?
5, 23
Suppose 4*c - 5*o - 27203 = 0, 96*c - 4*o = 97*c - 6827. List the prime factors of c.
3, 2269
Suppose 4*o = -h + 8, 0 = -5*h - 0*h - 3*o + 6. Let n be (-10 - h)*5/1*4. Let f = 322 + n. What are the prime factors of f?
2, 61
Let s(q) = -q**3 + 11*q**2 - 10*q. Let w be s(10). Suppose -2*v = -4*z - 436, w = -3*v - 5*z + 6*z + 644. What are the prime factors of v?
2, 107
Let p(w) = 48*w - 87. Let g(d) = -27*d + 44. Let k(m) = -5*g(m) - 3*p(m). Let z = -2 + -5. List the prime factors of k(z).
2, 13
Let z(w) = 1 - 2*w**2 - 1678*w**3 + 1677*w**3 - 5*w + w**2. What are the prime factors of z(-4)?
3, 23
Suppose -5*p = -k - 2, -3*k + 0*k = -9. Let a(n) = -2*n**3 + 2*n**2 - 1. Let i be a(p). Let v(g) = -25*g - 3. List the prime factors of v(i).
2, 11
Suppose -7*h = -38 - 88. Suppose 2*c - 16 + h = 0. List the prime factors of ((-99)/(-5))/(c + 66/60).
2, 3, 11
Suppose -6 = -28*n + 26*n. Let w(z) = 2*z**3 - 5*z**2 + 4*z - 1. Let t be w(n). Suppose 150 - t = 2*x. List the prime factors of x.
5, 13
Let x(i) be the first derivative of 129*i**2/2 - 13*i - 113. What are the prime factors of x(4)?
503
Suppose -18*q + 88010 = -13*q - 2*y, 3*q = 4*y + 52792. What are the prime factors of q?
2, 3, 163
Suppose -21*r - r + 67936 = 0. Let m = r + -1750. What are the prime factors of m?
2, 3, 223
Let r = 2233 + 2218. What are the prime factors of r?
4451
Let a(t) be the first derivative of t**4/4 + 5*t**3 + 5*t**2 - 4*t - 1. Let h be (-763)/56 + ((-198)/(-48))/(-11). List the prime factors of a(h).
2, 13
Suppose -2*i - 1 - 3 = 0. Let x be ((-74)/4)/(1/i). Suppose 0 = o - 153 + x. What are the prime factors of o?
2, 29
Suppose -4*f + 358863 = 5*k, 308*k = 3*f + 306*k - 269107. List the prime factors of f.
109, 823
What are the prime factors of (1142 - 2) + ((-2800)/392 - 2/(-14))?
11, 103
Let o = -1039 - -5361. List the prime factors of o.
2, 2161
Let w = 13790 - 6344. What are the prime factors of w?
2, 3, 17, 73
Suppose 664 = f + 8*y - 3*y, -3 = -3*y. Suppose 260 = -k - 145. Let i = k + f. List the prime factors of i.
2, 127
Let z = 3810 + 1732. List the prime factors of 